f 2590 and d.
70
Let w(f) = -f**2 - 3*f**2 - 52 + f**3 - 78 - f + 5*f**2. Let o be w(0). Let l be (6/5)/((-13)/o). Calculate the highest common divisor of l and 132.
12
Suppose 6943 = 5*h + 14*k - 10*k, 4164 = 3*h + 3*k. Calculate the highest common divisor of 26 and h.
13
Suppose -25*a + 86 = -5664. Calculate the highest common factor of a and 92.
46
Suppose 4*v - 100 = -2*c, -3*v + 20 = 5*c - 41. Let o = 14 + -9. Suppose -x + o*t = -27, -3*t = 5*x - 60 - 75. Calculate the highest common divisor of x and v.
27
Suppose 14888*r - 14893*r = -195. Let d(y) = y + 52. Let j be d(0). Calculate the highest common divisor of j and r.
13
Let q = -5 + 9. Calculate the highest common factor of 64 and q.
4
Let p(b) = -3*b**3 - 58*b**2 - 16*b + 70. Let t be p(-19). Suppose 2*c - 25 = -f - 2*c, 0 = -2*f + c + 23. What is the highest common divisor of f and t?
13
Let l(g) be the second derivative of -6*g + 0 - 2*g**2 - 11/6*g**3. Let t be l(-2). Calculate the highest common divisor of t and 9.
9
Let r(w) = 41*w - 285. Let t be r(21). Calculate the highest common factor of 9 and t.
9
Let o = -3 - -9. Let f = 138 + -96. Suppose -12*x = -13*x + f. What is the highest common factor of x and o?
6
Let p = 347 - 260. What is the greatest common factor of 29 and p?
29
Let u(c) = 4*c**3 + 4*c**2 - 22*c + 24. Let n be u(6). What is the highest common divisor of 36 and n?
36
Let r be (-2392)/(-6) - 128/(-96). Calculate the highest common factor of r and 160.
80
Let a(l) = l. Let z(m) = -8*m + 1. Let h(w) = 36*a(w) + 4*z(w). Let u be h(2). Calculate the highest common factor of 4 and u.
4
Suppose 0 = -9*r - r + 240. Calculate the highest common divisor of 15 and r.
3
Let z(i) = 289*i**2 + 3*i + 3. Let l be z(-1). What is the greatest common divisor of l and 68?
17
Let l(i) = i**3 + 16*i**2 + i + 18. Let j be l(-16). Suppose 4*k - 89 = 3*y, 0 = -j*k + 4*k + 3*y - 49. Calculate the highest common factor of k and 69.
23
Suppose -9*m + 22 = 4. Suppose 182 = 3*d - 2*x, 3*d + m*x - 298 = -2*d. What is the highest common factor of d and 15?
15
Suppose 2*j - 168 = -j. Suppose 3*n = -s - 4, -90*s + 95*s - n - 44 = 0. Calculate the greatest common factor of s and j.
8
Let z(t) be the first derivative of 9*t**2 - 12*t - 5. Let k be z(9). Calculate the highest common factor of 30 and k.
30
Let b be 36600/75 - (0 - 12). What is the highest common divisor of 300 and b?
100
Let l be (-28)/3 + 2/(-3). Let g be 8/l - (-112)/(-10). Let v = 21 + g. Calculate the highest common divisor of v and 63.
9
Let h(k) = -k**2 + 2*k - 64. Let q(u) = -u**2 + u - 1. Let o(m) = -h(m) + 4*q(m). Let l be o(0). What is the highest common factor of 24 and l?
12
Suppose -7*t + 83 = 20. Let c(i) = 2*i - 8. Let p be c(6). Suppose 0 = x + p - 76. What is the greatest common divisor of x and t?
9
Let c(l) = -2*l + 60. Let o be c(20). Calculate the highest common divisor of o and 220.
20
Let v(o) = 5*o**2 + 22*o + 89. Let f be v(-9). Calculate the highest common factor of 37 and f.
37
Suppose -101 = -q - 95. Calculate the greatest common factor of q and 18.
6
Let i be (-3894)/(-15) + 36/(-60). What is the highest common factor of 14 and i?
7
Suppose 3 = 8*b - 13. Suppose 25 = l + 5*u, 0*l - u = -b*l + 28. What is the highest common divisor of 15 and l?
15
Suppose c = -0*m + 3*m - 9, 5*m - 15 = 2*c. Suppose m*j + 0*j - 54 = 0. What is the highest common factor of j and 72?
18
Let s = -508 + 922. What is the highest common divisor of s and 72?
18
Let t be ((-154)/(-35) + -4)/(2/(-320)). Let x = -53 - t. Suppose 275 = -3*a + 8*a. Calculate the highest common divisor of x and a.
11
Let f(p) = p**3 - 2*p**2 + 2. Let k be f(2). Let l be (k + -2 - -1) + 8. Let s(w) = w**2 - 3*w - 1. Let n be s(5). What is the highest common factor of l and n?
9
Let g be 50*(6 + -9 + (-15)/(-3)). Calculate the greatest common factor of g and 225.
25
Let j = 21 + -18. Suppose -48 + 0 = -j*m. Suppose 256 = r + r. Calculate the highest common divisor of m and r.
16
Let k(m) = m**3 - 9*m**2 - 2*m + 20. Let i be k(9). Calculate the highest common factor of 64 and i.
2
Let h(o) = o**2 - o + 4. Let y be h(0). Suppose 30 = y*l - 66. Calculate the highest common factor of l and 6.
6
Suppose -9*j - 6 = -11*j. Suppose -3*h = j*n - 0*n - 69, 5 = -5*n. What is the greatest common factor of 4 and h?
4
Let v(a) = 15*a**3 - 16*a**2 + 9*a + 2. Let y be v(2). What is the greatest common factor of y and 570?
38
Let l(w) = -16*w**2 - 4 + 51*w**2 + 6*w**2 - 5*w. Let m be l(-1). What is the greatest common divisor of m and 28?
14
Let w be (16/(-3))/((-8)/36). What is the highest common factor of w and 33?
3
Let w(o) = -o - 1. Let c(y) = -4*y - 5. Let q be c(-3). Suppose 42 = b - q*b. Let z be w(b). What is the highest common factor of 15 and z?
3
Let c = -447 + 1608. What is the greatest common divisor of 43 and c?
43
Let y(x) = -2*x**2 + 5 - 4*x**2 - 3*x**3 + 4*x**3 + 8 - 11*x. Let a be y(7). Let h be (-264)/a - (-6)/15. Calculate the greatest common divisor of h and 45.
9
Let n be (39/26)/((-6)/(-244)) - 4. What is the highest common factor of n and 285?
57
Let y = -11 - -18. Let z(o) = -51*o - 396. Let t be z(-9). What is the greatest common factor of t and y?
7
Suppose -3*w + 0*w + 4*z = -40, -2*z - 62 = -5*w. Let o(v) = 16*v - 12. Let p be o(w). Suppose s = -3*s + p. What is the greatest common factor of s and 18?
9
Let o(g) = -5*g - 33. Let p be o(-10). Let s(w) = w - p*w - 38 + 49. Let x be s(-4). What is the greatest common divisor of x and 25?
25
Let y be (63 - -5) + 0/5. What is the highest common factor of y and 12?
4
Let r be -3*(-4 - (-26)/6). Let u be ((-148)/r)/(36/18). Calculate the greatest common factor of u and 185.
37
Suppose -7*t = -4*t - 33. Let p = -14 + 57. Let b = p - t. What is the greatest common factor of 80 and b?
16
Let z = 100 - 100. Let x(l) = -l + 4. Let w be x(z). What is the greatest common factor of 4 and w?
4
Suppose -5*f - 6 = -4*w, 0 = -2*w + 5*w - 12. Let l be 15 - (-3)/2*f. What is the highest common factor of l and 90?
18
Let r be (14 + -2)*(-22)/6. Let j = 110 + r. What is the highest common divisor of 44 and j?
22
Let r = 46 + -91. Let n = -42 - r. What is the greatest common divisor of 15 and n?
3
Let q(l) = -l**3 - 13*l**2 - 17*l - 27. Let i be q(-12). Calculate the greatest common divisor of i and 3.
3
Let y = 0 - -14. Let d(c) = -c**3 + 7*c**2 - 10*c + 2. Let w be d(5). Let o be 0 - -16 - w/1. Calculate the highest common divisor of y and o.
14
Let x = -1 - 0. Let d be (-20)/(-6)*(-4 - x). Let o be (-5)/(d/108) + 2. What is the greatest common divisor of 7 and o?
7
Let t = -10 + 14. Suppose -4*w = 2*x - 80, 5*x = w + 92 + 75. Suppose t*r + 3*i - 2*i - x = 0, 3*r - 17 = -5*i. What is the greatest common factor of r and 1?
1
Suppose 3*k = 48 + 60. Calculate the greatest common factor of k and 672.
12
Let c be ((-19)/(152/(-432)))/(8/92). Calculate the highest common divisor of c and 23.
23
Suppose 5*b = 4*h + 284, 2*h + h + 3 = 0. Suppose 0 = b*l - 51*l - 90. Calculate the greatest common factor of 36 and l.
18
Let s = 151 - 132. Calculate the highest common divisor of s and 589.
19
Let u = 27 + -22. Suppose -2*x = -m - m + 38, 2*m - 50 = 5*x. Calculate the highest common divisor of m and u.
5
Let b = 540 - 504. Calculate the highest common divisor of b and 414.
18
Let a(h) = 8*h + 4. Let b be a(-1). Let u(i) = i**3 + 7*i**2 - 7*i + 2. Let v be u(b). Calculate the greatest common factor of v and 6.
6
Let d(r) = -r. Let h be d(0). Let w = h - -2. Suppose -1512*c - 280 = -1532*c. What is the greatest common factor of c and w?
2
Let s = -7 + 25. Suppose 6 = 9*i - 6*i. Calculate the greatest common divisor of i and s.
2
Let y be (44128/49)/16 - 2/7. Calculate the greatest common divisor of 7 and y.
7
Let r = 0 + 7. Let a = r + -2. Let p be a/10*(5 - 1). What is the highest common divisor of 12 and p?
2
Let g(r) be the first derivative of -r**4/4 - r**3 + 9*r**2/2 + 8*r + 13. Let s be g(-5). What is the highest common factor of s and 91?
13
Suppose 4*k = 10*k - 192. Let i = k - 26. Suppose -4*c + 15 = c. What is the highest common divisor of c and i?
3
Suppose x - 4 - 16 = 0. Suppose 26*f + 432 - 536 = 0. What is the greatest common divisor of f and x?
4
Suppose 46*f - 20*f - 182 = 0. What is the greatest common 